**2 + 4*c - 3. Suppose 0 = 7*z - 5*z - 6. Let x be i(z). Is x + (3 - 1 - 3) prime?
True
Let c(n) = -n + 10*n**2 - 7 - n - 2*n. Is c(5) a prime number?
True
Let y be (-3 - -6) + -4 + 3. Let m(p) = -16*p**3 - 2*p + 18*p**3 + 3*p**y - 1 - p**2. Is m(2) composite?
False
Let p(v) = -v - 8. Let q be p(-8). Let k be (-6)/(-9)*6 - q. Suppose 4*a - 24 = k*u, 30 = 5*a - 4*u + 3*u. Is a a prime number?
False
Is 1/(1527921/190989 + -8) a composite number?
False
Suppose 0 = 10*b + 2 + 8. Is 188168/129 + -1*b/3 prime?
True
Let c be (17 + -31)*(0 + -1). Suppose 0 = 19*g - c*g - 2810. Is g prime?
False
Suppose 2*t + 39190 = 2*i, 5*t - 5814 = -i + 13793. Is i a composite number?
False
Let k = -65 + -68. Let o = 240 - k. Is o prime?
True
Let b = 16 - 11. Suppose -4*c - 17 = 5*y - 4, -b = -5*y + 5*c. Is 492/(-2)*y/2 composite?
True
Suppose -3*u + 492 = -117. Is u prime?
False
Let m be (-10)/15 - 1/((-3)/1559). Is m + (1 - 4) + 5 a prime number?
True
Let o = -35 + 38. Suppose o*a - 2*u = 1730 + 305, 4*a - 2*u - 2714 = 0. Is a a composite number?
True
Suppose 0 = -4*d - 3*i + 4607, 1146 = -0*d + d - 5*i. Suppose 0 = -4*f - 5*q + 1179, -4*f + 58 + d = -q. Is f a composite number?
True
Let h(v) = -972*v + 863. Is h(-25) a composite number?
False
Let r be (501/12)/((-7)/(-84)). Let p = 223 - r. Let m = 615 + p. Is m a prime number?
True
Let n = -430 + 1343. Is n a composite number?
True
Let w(v) = 26*v - 4. Let f be w(-4). Suppose -s - 4*u = 215, -3*s = 6*u - 3*u + 609. Let y = f - s. Is y composite?
True
Is 10226/5 + -5 + 12/15 composite?
True
Let u = 5986 + 5193. Is u composite?
True
Let k be (-2270)/16*2 - 18/(-24). Is k/(-5) - 22/(-55) a prime number?
False
Let l = -13 + 14. Is 165 - (4 - l - 1) prime?
True
Let h = -44 - -350. Suppose 4*l - 2359 = 5*f, -5*l - 5*f + 2609 = -h. Is l prime?
False
Let i = 6219 + -1271. Suppose -i = -9*k + 2963. Is k a composite number?
True
Suppose -2*c + 48 + 42 = 0. Suppose -2*r = c + 75. Let t = r + 103. Is t a prime number?
True
Suppose 5*x + 3541 = 3*q, -3*q + 1593 + 1913 = 2*x. Suppose 3*r + r - q = 0. Is r a composite number?
False
Let h = -16 - -8. Let m be -7 - -2*4/h. Is 426/8 + 2/m a prime number?
True
Suppose 4*p = 13*p + 729. Is (p/12)/9*-4852 a prime number?
False
Suppose 0 = -4*m - 20, 2*m - 20394 = -3*p - m. Is p prime?
True
Let i(u) = -13*u**2 + u - 4. Let b(v) = -6*v**2 - 2. Let n(p) = -7*b(p) + 3*i(p). Let x be n(-1). Is (381/(-15))/(x/(-10)) composite?
False
Let x(t) = -t**2 + 3*t + 12. Let b be x(5). Suppose 0*y + 2 = 2*m - 2*y, -1 = 2*m - 5*y. Suppose 2*u - 4*r = 310, m*u - r - 295 = -b*r. Is u prime?
True
Is (8 - 207/27)*5442 a composite number?
True
Let j(d) = -3*d + 11. Let h be j(6). Let s be h + 6 + 1250 + 1. Let n = s + 335. Is n a prime number?
False
Let n(w) = -3*w**3 + 5*w**2 + 4*w + 6. Suppose -3*j - j = -8. Suppose -j*u = 8 - 0. Is n(u) a prime number?
False
Suppose -4*s + 9458 = 5*h, -4*s - 3*h = -8*s + 9442. Is s prime?
False
Suppose 28274 = 12*s - 17578. Is s a prime number?
True
Suppose -2*r = 2*r. Suppose r*q = q. Suppose q = 5*z, 5*v - 381 = 2*v - 3*z. Is v composite?
False
Suppose 0 = -2*s + 4*s - 300. Is (10 - 5)*(s - 1) a composite number?
True
Suppose -2*p = -8, i - 4*i - 2*p = -734. Suppose 323 - 891 = 4*f - 3*y, 294 = -2*f - y. Let g = i + f. Is g a composite number?
False
Let t(r) be the first derivative of 27*r**2/2 - 25*r - 9. Let q be t(14). Suppose 0 = 4*b - 467 - q. Is b composite?
True
Let w = -12116 - -23027. Is w composite?
True
Suppose 116 = -4*s - 4*o, -o - 101 = 2*s + 2*s. Let g = -22 - s. Is (-4704)/(-8) + g/2 prime?
False
Let q be 16/(-18)*3*-33. Let y = -1248 - q. Is y/(-18) + (-8)/36 a composite number?
True
Let o(f) = f**3 - 16*f**2 + 36*f - 37. Is o(18) a composite number?
False
Suppose 208 = -3*s + 2266. Let n = -220 + s. Is -2 - (-2 - n - 3) a composite number?
True
Suppose -4*z + 386 = 2*i, i + 481 + 19 = 5*z. Let r(c) = -92*c**3 - 5*c**2 + c + 2. Let k be r(-4). Suppose -5*b = -k - z. Is b composite?
False
Let l = -60 - -126. Let z be -15*1/(-6)*l. Suppose z = -0*h + 3*h. Is h composite?
True
Is (25/50)/(2/45932) prime?
True
Let g be (-374)/18 - -7*6/(-189). Is (2 + 14/(-4))*2842/g composite?
True
Let i be ((-6)/(-4))/((-18)/(-48)). Let t be 5 - (i + 3/(-1)). Suppose t*g - 47 = -3. Is g composite?
False
Let v be 1/((-2)/(-12)) + -7 + 7. Let p be (0 + -1)*0 - -119. Suppose 0 = 5*o - 4*f - 123, -o - 2*f - p = -v*o. Is o a prime number?
True
Is (-4*(470490/(-24))/(-5))/(-1) prime?
True
Suppose 3*g = 3*c - 651, -2*c - 1109 = -7*c - g. Is c a prime number?
False
Let g(v) = 19*v**2 + 25*v - 5. Let q be -2*(220/8)/5. Is g(q) composite?
True
Let j(i) = 19*i**2 + 14*i - 115. Is j(8) composite?
False
Let g(z) = 5*z**2 + 12*z - 4. Let k be (-344)/(-12) - (-6)/(-9). Suppose -4*w = -0*h - h - 21, -w + k = -2*h. Is g(h) a composite number?
True
Suppose 0 = 5*u - 3*i - 172, -2*u + 56 = -0*i + 2*i. Suppose 2*x - 5*m = -19, 5*x + 4*m = x + u. Let z(p) = 6*p**3 + 4*p**2 - p - 4. Is z(x) composite?
False
Let w = 980 - 562. Let x = w - 231. Is x a composite number?
True
Let z(v) be the third derivative of v**6/120 - v**5/4 + v**4/8 - v**3 + 11*v**2. Is z(17) a composite number?
True
Let l(x) = -x**2 + 39*x + 196. Let t be l(24). Let p be 6874/10 - 4/10. Let v = t + p. Is v a composite number?
True
Let l be (1*547)/(-7 - -8). Let z = -192 + l. Is z prime?
False
Let v = -22770 - -89211. Is v a composite number?
True
Suppose 4*c - 4192 = 5*l, 0*c - 2*l = 4*c - 4164. Is c a composite number?
True
Suppose -h - 11 = -a - 3*h, 5*h = -a - 4. Let r = -18 + a. Suppose 289 = -r*t + 772. Is t composite?
True
Let s = 911 + -574. Is s a prime number?
True
Suppose -3*n = -b - 1925, -3*b - 5*n = -2*n + 5763. Let z = -1308 - b. Is z prime?
False
Let d = -39 + 336. Suppose -m - d = -q, -5*m + m - 16 = 0. Is q prime?
True
Suppose -7*o + 31*o - 129144 = 0. Is o a prime number?
True
Let o be 2*(14/(-35))/(4/(-35)). Suppose o*b - 296 = 3*b. Is b a composite number?
True
Suppose 0 = 5*g + 2*q - 10, -g + 0*g - 11 = 3*q. Suppose g*h - 10*h = -3786. Is h a prime number?
True
Suppose 29*j = -47*j + 9514212. Is j a prime number?
False
Let h = 521 - 123. Let c = h - 184. Is c a composite number?
True
Is 20869/8 + (27/(-8))/(-9) a composite number?
False
Let u = 386 + -264. Is u composite?
True
Let a(o) = -2*o + 15. Let m be a(14). Let f = m - -19. Suppose -3*s + f*s - 177 = 0. Is s a prime number?
True
Suppose f = -4*f. Suppose -2*r + 6 + 2 = f. Suppose -130 = -5*s + 5*l, -r*s + 95 = 7*l - 2*l. Is s a composite number?
True
Let l = 960 + -26. Is l prime?
False
Suppose 5*x + 165 = 10000. Is x prime?
False
Let g(m) = -m**3 + 4*m + 3*m - 8*m**2 - 8*m + 8 + 5*m. Is g(-9) a prime number?
True
Suppose 28*k - 20861 = 5*k. Is k prime?
True
Let x(y) = 13*y**3 - y**2 + 1. Let h be x(1). Suppose 5*m = h - 3. Is m/(-8) + (-3955)/(-28) prime?
False
Let c = 0 + -5. Let w(y) = -y**2 - 6*y - 3. Let s be w(c). Suppose -2*m = s*u - 7*m - 7, -m = 4*u - 25. Is u composite?
True
Let l = 26 + 69. Let t(s) = -44*s + 6. Let m be t(-3). Let g = m - l. Is g prime?
True
Let m = 69 + -14. Let w be (-2 + 3)*-1*-92. Let l = w - m. Is l composite?
False
Suppose q - 6456 = -5*q. Let j = 21 + q. Is j a composite number?
False
Suppose 2*t - 460 = 44. Suppose 0 = -b - 5*i - 6, -3*i - 20 = -3*b - 2. Suppose -4*j + b*w = -t, -4*w = 3*j - 130 - 73. Is j composite?
True
Let r(a) = a**3 - 7*a**2 + a - 2. Let q be r(7). Suppose 0 = 2*n - q*n - 1725. Let o = n - -1026. Is o prime?
False
Let m = 23 + -25. Is m/(3/(3972/(-8))) a prime number?
True
Let w(d) = 379*d - 226. Is w(27) prime?
True
Suppose -36*r + 25915 = -31*r. Let q = r + -3544. Is q a prime number?
False
Suppose -17234 = -4*p - 5*v, -5*v + 4*v + 2 = 0. Is p composite?
True
Let m = -136 + 135. Let j = -97 - -59. Let f = m - j. Is f a prime number?
True
Let v(t) be the third derivative of -t**6/120 - t**5/10 + t**4/24 + t**3/2 - 6*t**2. Let x be v(4). Is 1/((-1)/x*3) a composite number?
True
Suppose 16*j - 98205 = j. Is j composite?
False
Let f be -1 - 74 - (2 - 2). Let w = 304 + -182. Let n = w + f. Is n prime?
True
Let z(d) = 7*d**2 + 56*d**3 - 5*d**2 + 4*d + 3 - 4. Is z(3) prime?
False
Is (-9 - (-11 - -36063))/(-1) composite?
False
Let r(s) = -s**3 + 4*s**2 + 6*s - 9. Let b be r(-4). Let a 